y 50.
49
What is the remainder when 36019 is divided by 66?
49
What is the remainder when 1942718 is divided by 208?
206
What is the remainder when 296098 is divided by 315?
313
What is the remainder when 270796 is divided by 45130?
16
What is the remainder when 1574 is divided by 8?
6
Calculate the remainder when 5344725 is divided by 86.
83
Calculate the remainder when 1089 is divided by 55.
44
Calculate the remainder when 37343 is divided by 4666.
15
Calculate the remainder when 3215348 is divided by 509.
504
Calculate the remainder when 15662 is divided by 2197.
283
What is the remainder when 2468 is divided by 26?
24
What is the remainder when 7571 is divided by 7?
4
What is the remainder when 24665 is divided by 2151?
1004
What is the remainder when 23939 is divided by 11534?
871
What is the remainder when 25383 is divided by 1022?
855
What is the remainder when 31541 is divided by 10477?
110
Calculate the remainder when 3670 is divided by 142.
120
What is the remainder when 16008 is divided by 59?
19
What is the remainder when 28511 is divided by 33?
32
What is the remainder when 265425 is divided by 254?
249
What is the remainder when 29807 is divided by 108?
107
Calculate the remainder when 2286043 is divided by 48.
43
What is the remainder when 2521755 is divided by 4182?
9
What is the remainder when 9143 is divided by 122?
115
What is the remainder when 262641 is divided by 34?
25
What is the remainder when 231702 is divided by 403?
380
What is the remainder when 1953 is divided by 695?
563
What is the remainder when 346823 is divided by 22?
15
What is the remainder when 155786 is divided by 316?
314
What is the remainder when 36497 is divided by 4561?
9
Calculate the remainder when 710 is divided by 337.
36
What is the remainder when 249 is divided by 107?
35
Calculate the remainder when 4158 is divided by 36.
18
What is the remainder when 2633 is divided by 268?
221
Calculate the remainder when 912 is divided by 100.
12
Calculate the remainder when 3715 is divided by 17.
9
Calculate the remainder when 14040 is divided by 14.
12
Calculate the remainder when 4319 is divided by 27.
26
What is the remainder when 12019 is divided by 627?
106
What is the remainder when 31957 is divided by 16?
5
What is the remainder when 8190 is divided by 944?
638
What is the remainder when 18503 is divided by 683?
62
Calculate the remainder when 485892 is divided by 318.
306
What is the remainder when 2482 is divided by 125?
107
What is the remainder when 249112 is divided by 164?
160
What is the remainder when 1347 is divided by 193?
189
Calculate the remainder when 108063 is divided by 31.
28
What is the remainder when 3538 is divided by 84?
10
Calculate the remainder when 2562 is divided by 739.
345
What is the remainder when 8462 is divided by 540?
362
Calculate the remainder when 17 is divided by 6.
5
What is the remainder when 11540 is divided by 236?
212
What is the remainder when 176450 is divided by 103?
11
What is the remainder when 17625 is divided by 120?
105
What is the remainder when 30196 is divided by 138?
112
Calculate the remainder when 62022 is divided by 2300.
2222
What is the remainder when 16249 is divided by 189?
184
Calculate the remainder when 333 is divided by 84.
81
What is the remainder when 13439 is divided by 113?
105
What is the remainder when 3039 is divided by 40?
39
What is the remainder when 546328 is divided by 26?
16
Calculate the remainder when 2666662 is divided by 1443.
1441
What is the remainder when 610459 is divided by 262?
261
What is the remainder when 34736 is divided by 44?
20
Calculate the remainder when 1912 is divided by 938.
36
What is the remainder when 7537759 is divided by 21?
19
What is the remainder when 9329 is divided by 232?
49
What is the remainder when 1458 is divided by 1315?
143
What is the remainder when 137019 is divided by 521?
517
Calculate the remainder when 966 is divided by 109.
94
Calculate the remainder when 68 is divided by 48.
20
What is the remainder when 3169027 is divided by 19?
17
What is the remainder when 474081 is divided by 158022?
15
What is the remainder when 2471 is divided by 585?
131
Calculate the remainder when 6091 is divided by 52.
7
What is the remainder when 14137151 is divided by 48?
47
Calculate the remainder when 394219 is divided by 109.
75
Calculate the remainder when 32975 is divided by 32970.
5
What is the remainder when 962 is divided by 731?
231
What is the remainder when 6695 is divided by 704?
359
What is the remainder when 1061 is divided by 520?
21
What is the remainder when 432428 is divided by 11?
7
Calculate the remainder when 431412 is divided by 47.
46
What is the remainder when 16083 is divided by 45?
18
What is the remainder when 278696 is divided by 1076?
12
What is the remainder when 1224 is divided by 128?
72
What is the remainder when 4263 is divided by 2128?
7
What is the remainder when 2816 is divided by 58?
32
Calculate the remainder when 2778 is divided by 681.
54
Calculate the remainder when 282596 is divided by 21.
20
What is the remainder when 2761258 is divided by 15?
13
Calculate the remainder when 6873 is divided by 626.
613
Calculate the remainder when 1139580 is divided by 116.
112
Calculate the remainder when 29671 is divided by 7409.
35
Calculate the remainder when 142880 is divided by 386.
60
Calculate the remainder when 64964 is divided by 55.
9
Calculate the remainder when 5136 is divided by 1283.
4
Calculate the remainder when 5734 is divided by 187.
124
Calculate the remainder when 8198 is divided by 205.
203
Calculate the remainder when 4736 is divided by 79.
75
What is the remainder when 37269 is divided by 9306?
45
What is the remainder when 36114 is divided by 88?
34
Calculate the remainder when 17015 is divided by 948.
899
What is the remainder when 1316619 is divided by 122?
117
What is the remainder when 12847 is divided by 3963?
958
What is the remainder when 11311 is divided by 35?
6
Calculate the remainder when 5860 is divided by 41.
38
What is the remainder when 11884 is divided by 646?
256
What is the remainder when 3391 is divided by 540?
151
What is the remainder when 151535 is divided by 695?
25
Calculate the remainder when 124445 is divided by 192.
29
What is the remainder when 4004 is divided by 499?
12
Calculate the remainder when 13591 is divided by 244.
171
What is the remainder when 945 is divided by 128?
49
Calculate the remainder when 123100 is divided by 435.
430
Calculate the remainder when 642 is divided by 247.
148
Calculate the remainder when 1247049 is divided by 23529.
12
What is the remainder when 2332472 is divided by 12?
8
What is the remainder when 4107 is divided by 136?
27
What is the remainder when 6487 is divided by 43?
37
What is the remainder when 27610 is divided by 157?
135
Calculate the remainder when 61068 is divided by 173.
172
Calculate the remainder when 36352 is divided by 73.
71
Calculate the remainder when 645 is divided by 33.
18
What is the remainder when 7974 is divided by 989?
62
Calculate the remainder when 34454 is divided by 1045.
1014
Calculate the remainder when 11231 is divided by 1589.
108
Calculate the remainder when 10967 is divided by 113.
6
What is the remainder when 5046 is divided by 280?
6
What is the remainder when 2421 is divided by 1209?
3
What is the remainder when 868617 is divided by 93?
90
Calculate the remainder when 6980 is divided by 6572.
408
Calculate the remainder when 160288 is divided by 39.
37
Calculate the remainder when 2083 is divided by 197.
113
Calculate the remainder when 189430 is divided by 49.
45
What is the remainder when 572583 is divided by 13?
11
What is the remainder when 399853 is divided by 19?
17
Calculate the remainder when 43935 is divided by 4866.
141
Calculate the remainder when 10129 is divided by 9707.
422
What is the remainder when 12302 is divided by 8?
6
Calculate the remainder when 3316 is divided by 1070.
106
Calculate the remainder when 8199 is divided by 221.
22
Calculate the remainder when 1032657 is divided by 30.
27
What is the remainder when 73797 is divided by 328?
325
Calculate the remainder when 67492 is divided by 22485.
37
Calculate the remainder when 11106 is divided by 11.
7
Calculate the re